{"id":2,"date":"2014-05-09T04:35:09","date_gmt":"2014-05-09T04:35:09","guid":{"rendered":"http:\/\/anglerverein-pfreimd.de\/wordpress\/?page_id=2"},"modified":"2022-03-13T17:06:21","modified_gmt":"2022-03-13T16:06:21","slug":"willkommen","status":"publish","type":"page","link":"https:\/\/anglerverein-pfreimd.de\/wordpress\/?page_id=2","title":{"rendered":"Willkommen"},"content":{"rendered":"<h4>Willkommen<\/h4>\n<p><em>auf den Internetseiten des Anglerverein Pfreimd e.V. \u00a0<a href=\"https:\/\/anglerverein-pfreimd.de\/wordpress\/wp-content\/uploads\/2014\/05\/anglerwappen_186x200.jpg\"><img loading=\"lazy\" decoding=\"async\" class=\"alignright wp-image-8 size-full\" src=\"https:\/\/anglerverein-pfreimd.de\/wordpress\/wp-content\/uploads\/2014\/05\/anglerwappen_186x200.jpg\" alt=\"anglerwappen_186x200\" width=\"185\" height=\"200\" \/><\/a><\/em><\/p>\n<p>Der Anglerverein Pfreimd wurde am\u00a022. April 1983 gegr\u00fcndet und bewirtschaftet seit seiner Gr\u00fcndung das st\u00e4dtische<br \/>\nFischereigew\u00e4sser. Die Gew\u00e4sserstrecke der Pfreimd, von Oberpfreimd (Reislirl &#8211; Wasser, Fam.\u00a0 M\u00fcller) bis zum Wehr (sog. Bruckm\u00fchl &#8211; Wasser, Fam. Enders) und weiter bis zur M\u00fcndung in die Naab, obliegt ebenfalls dem Anglerverein. Desweiteren noch die Kiesgrube Perschen und einige kleine Kiesgruben im Bereich des Wenzel Altwassers.<br \/>\nAngler finden hier ein ruhiges Gew\u00e4sser, welches durch seinen Besatz und der nat\u00fcrlichen Reproduktion eine gro\u00dfe Artenvielfalt repr\u00e4sentiert. Gastangler sind bei uns immer herzlich Willkommen. Weitere Informationen zu den aktuellen Kartenpreisen finden Sie <a title=\"Erlaubnisscheine\" href=\"https:\/\/anglerverein-pfreimd.de\/wordpress\/?page_id=52\">hier<\/a>.<\/p>\n<p>F\u00fcr Anregungen sind wir Ihnen dankbar und w\u00fcnschen Ihnen viel Spa\u00df auf den Internetseiten des Anglerverein Pfreimd.<\/p>\n<p>gez. 1. Vorstand<\/p>\n","protected":false},"excerpt":{"rendered":"<p>Willkommen auf den Internetseiten des Anglerverein Pfreimd e.V. \u00a0 Der Anglerverein Pfreimd wurde am\u00a022. April 1983 gegr\u00fcndet und bewirtschaftet seit seiner Gr\u00fcndung das st\u00e4dtische Fischereigew\u00e4sser. Die Gew\u00e4sserstrecke der Pfreimd, von Oberpfreimd (Reislirl &#8211; Wasser, Fam.\u00a0 M\u00fcller) bis zum Wehr (sog. Bruckm\u00fchl &#8211; Wasser, Fam. Enders) und weiter bis zur M\u00fcndung in die Naab, obliegt ebenfalls &hellip; <a href=\"https:\/\/anglerverein-pfreimd.de\/wordpress\/?page_id=2\" class=\"more-link\"><span class=\"screen-reader-text\">Willkommen<\/span> weiterlesen <span class=\"meta-nav\">&rarr;<\/span><\/a><\/p>\n","protected":false},"author":7,"featured_media":0,"parent":0,"menu_order":1,"comment_status":"closed","ping_status":"closed","template":"","meta":{"footnotes":""},"class_list":["post-2","page","type-page","status-publish","hentry"],"_links":{"self":[{"href":"https:\/\/anglerverein-pfreimd.de\/wordpress\/index.php?rest_route=\/wp\/v2\/pages\/2","targetHints":{"allow":["GET"]}}],"collection":[{"href":"https:\/\/anglerverein-pfreimd.de\/wordpress\/index.php?rest_route=\/wp\/v2\/pages"}],"about":[{"href":"https:\/\/anglerverein-pfreimd.de\/wordpress\/index.php?rest_route=\/wp\/v2\/types\/page"}],"author":[{"embeddable":true,"href":"https:\/\/anglerverein-pfreimd.de\/wordpress\/index.php?rest_route=\/wp\/v2\/users\/7"}],"replies":[{"embeddable":true,"href":"https:\/\/anglerverein-pfreimd.de\/wordpress\/index.php?rest_route=%2Fwp%2Fv2%2Fcomments&post=2"}],"version-history":[{"count":37,"href":"https:\/\/anglerverein-pfreimd.de\/wordpress\/index.php?rest_route=\/wp\/v2\/pages\/2\/revisions"}],"predecessor-version":[{"id":1794,"href":"https:\/\/anglerverein-pfreimd.de\/wordpress\/index.php?rest_route=\/wp\/v2\/pages\/2\/revisions\/1794"}],"wp:attachment":[{"href":"https:\/\/anglerverein-pfreimd.de\/wordpress\/index.php?rest_route=%2Fwp%2Fv2%2Fmedia&parent=2"}],"curies":[{"name":"wp","href":"https:\/\/api.w.org\/{rel}","templated":true}]}}